 4.
-30023
1586 (base 14) to base 15
1212
What is 353c (base 13) in base 3?
101021022
-800 (base 15) to base 3
-2110200
120200201 (base 3) to base 9
16621
What is 210111 (base 4) in base 6?
14433
What is 34745 (base 8) in base 11?
10154
What is -254 (base 11) in base 14?
-177
1086 (base 14) to base 15
cac
111813 (base 9) to base 16
105b7
-1077 (base 12) to base 9
-2441
What is 10111100001101 (base 2) in base 7?
50055
-270 (base 8) to base 15
-c4
1110111 (base 3) to base 2
10000101010
Convert -19211 (base 15) to base 10.
-81466
Convert -22312 (base 5) to base 10.
-1582
-206 (base 10) to base 12
-152
751 (base 8) to base 14
26d
What is -197b (base 14) in base 12?
-2809
Convert -1260 (base 11) to base 5.
-23024
-1300 (base 8) to base 13
-422
What is -3024 (base 5) in base 11?
-324
What is -111 (base 3) in base 6?
-21
10001222 (base 3) to base 10
2240
What is -4673 (base 9) in base 2?
-110110001100
30301 (base 4) to base 5
11232
10002 (base 14) to base 5
2212133
280 (base 13) to base 8
672
What is 1020141 (base 5) in base 15?
5031
What is 20423 (base 5) in base 2?
10101010011
Convert -1 (base 4) to base 16.
-1
1312112 (base 4) to base 10
7574
What is -210 (base 5) in base 8?
-67
What is -1a39 (base 16) in base 4?
-1220321
What is 4a7 (base 12) in base 9?
861
What is -10202001 (base 3) in base 9?
-3661
-2860 (base 9) to base 13
-ca2
What is 3a7c (base 13) in base 5?
232014
Convert 10122000 (base 3) to base 2.
101001010110
-628 (base 11) to base 7
-2130
What is 6920 (base 12) in base 11?
8866
What is -1975 (base 13) in base 10?
-3814
Convert 12 (base 8) to base 2.
1010
101100001000 (base 2) to base 8
5410
-1e6a (base 15) to base 3
-100002101
What is 1001010110010 (base 2) in base 8?
11262
7910 (base 12) to base 14
4c56
-10500 (base 6) to base 3
-2000200
What is -100010001 (base 2) in base 14?
-157
-147110 (base 8) to base 3
-2200102212
Convert -22460 (base 8) to base 3.
-111001121
-121202 (base 3) to base 15
-202
Convert -6a1 (base 14) to base 16.
-525
Convert 641 (base 9) to base 4.
20023
-10021012 (base 3) to base 6
-15005
-25766 (base 9) to base 5
-1024034
22313 (base 7) to base 10
5645
Convert 445 (base 8) to base 2.
100100101
Convert 41 (base 16) to base 4.
1001
Convert 16 (base 15) to base 13.
18
-974 (base 14) to base 12
-10b6
-1012101221 (base 3) to base 12
-11807
What is 17377 (base 11) in base 8?
57525
-100011111011 (base 2) to base 16
-8fb
Convert 27bc (base 13) to base 8.
13144
60746 (base 10) to base 8
166512
What is -33af (base 16) in base 3?
-200011001
Convert -20322321 (base 4) to base 10.
-36537
-5262 (base 13) to base 16
-2c8b
-648 (base 13) to base 14
-56a
What is -111200 (base 3) in base 16?
-171
72a (base 15) to base 12
b27
What is -36e1 (base 16) in base 9?
-21240
Convert 11f (base 16) to base 9.
348
What is 13085 (base 10) in base 4?
3030131
What is -30354 (base 6) in base 16?
-fbe
Convert -6b9 (base 15) to base 12.
-a70
Convert -3 (base 16) to base 7.
-3
-120272 (base 9) to base 6
-1315102
100000111000 (base 2) to base 11
1643
834 (base 9) to base 7
1660
-2ad (base 15) to base 3
-211201
-222102000 (base 3) to base 14
-7031
-120110012 (base 3) to base 9
-16405
What is -a10 (base 16) in base 14?
-d20
Convert 10e9 (base 15) to base 11.
2778
-1231 (base 7) to base 9
-564
-5213 (base 6) to base 4
-102021
Convert -3732 (base 12) to base 2.
-1100001010110
Convert 766 (base 9) to base 7.
1554
Convert -10000110 (base 3) to base 14.
-b31
11310 (base 4) to base 3
111210
-21010000 (base 3) to base 10
-5184
-64 (base 10) to base 4
-1000
110033 (base 4) to base 8
2417
Convert 6d92 (base 14) to base 15.
5a10
Convert 43bb8 (base 12) to base 16.
15efc
Convert -10027 (base 9) to base 10.
-6586
-3002301 (base 4) to base 6
-133413
-696 (base 12) to base 7
-2565
Convert 1010311 (base 5) to base 4.
3333023
What is -135 (base 16) in base 11?
-261
What is 85bb (base 14) in base 8?
55071
3404341 (base 5) to base 14
17bd9
-50506 (base 9) to base 8
-100700
Convert 120010 (base 6) to base 3.
112020020
-3cb (base 16) to base 3
-1022222
-12035 (base 6) to base 5
-24001
15d (base 14) to base 4
10113
What is 142124 (base 5) in base 13?
28cc
3010 (base 16) to base 5
343204
Convert -11233 (base 5) to base 10.
-818
-607 (base 14) to base 12
-827
What is 110001101101 (base 2) in base 12?
1a11
Convert b3a (base 13) to base 5.
30113
Convert -106 (base 15) to base 16.
-e7
-123341 (base 5) to base 2
-1001011101110
Convert -421224 (base 5) to base 3.
-201010021
What is -1872 (base 13) in base 2?
-111000111010
What is -118 (base 12) in base 3?
-20002
2362 (base 9) to base 2
11011011101
Convert 1165 (base 10) to base 11.
96a
What is 6845 (base 10) in base 2?
1101010111101
-22020 (base 4) to base 5
-10043
806 (base 13) to base 16
54e
What is -22a8 (base 13) in base 2?
-1001100000110
What is 4437 (base 9) in base 4?
303022
-1544 (base 7) to base 15
-2b5
What is -4a3 (base 12) in base 14?
-37d
Convert -28c5 (base 15) to base 2.
-10001000011111
What is 337b (base 12) in base 7?
22436
What is 2571 (base 14) in base 4?
1212213
What is 31213 (base 4) in base 13?
520
Convert 4cd7 (base 15) to base 16.
4012
What is 12437 (base 8) in base 2?
1010100011111
Convert -10000111001 (base 2) to base 12.
-761
-126d (base 16) to base 6
-33501
What is 688 (base 9) in base 12?
3b2
Convert 12a (base 16) to base 7.
604
14180 (base 10) to base 14
524c
-10101 (base 6) to base 14
-6b3
What is -16aa9 (base 11) in base 2?
-101110110010100
-101110011110 (base 2) to base 8
-5636
2d02 (base 14) to base 5
224123
11011010101010 (base 2) to base 15
422e
-1111110010001 (base 2) to base 3
-102002022
-b10 (base 12) to base 14
-820
What is 225 (base 6) in base 14?
65
Convert -2465 (base 7) to base 9.
-1242
What is -a3a0 (base 12) in base 8?
-42650
Convert -1345132 (base 6) to base 14.
-1db44
-5030 (base 6) to base 16
-44a
Convert -2034 (base 8) to base 13.
-62c
What is -287 (base 11) in base 14?
-1a1
-65635 (base 7) to base 3
-211112221
What is 200111001 (base 3) in base 4?
3102202
What is 221d (base 15) in base 14?
28c4
What is 3666 (base 11) in base 7?
16653
What is 132160 (base 7) in base 15?
7527
What is -1bd (base 16) in base 7?
-1204
What is -2c18 (base 15) in base 12?
-5595
What is 2112 (base 5) in base 4?
10122
-2415 (base 8) to base 2
-10100001101
What is 1303 (base 10) in base 3?
1210021
What is 5747 (base 8) in base 4?
233213
Convert 501 (base 9) to base 12.
29a
What is -10112121 (base 3) in base 5?
-40311
What is 5eb (base 15) in base 10?
1346
Convert 7a4 (base 14) to base 6.
11004
Convert 214015 (base 8) to base 11.
49956
-1001111000 (base 2) to base 14
-332
139a2 (base 11) to base 9
30178
Convert 1731 (base 9) to base 16.
52c
-110310 (base 4) to base 2
-10100110100
Convert 1010021 (base 3) to base 13.
4ab
Convert -11120001 (base 3) to base 9.
-4501
-25344 (base 8) to base 5
-322410
What is -234 (base 5) in base 14?
-4d
Convert 31333 (base 4) to base 6.
4051
Convert -11103 (base 5) to base 15.
-36d
61146 (base 7) to base 8
34760
Convert -2181 (base 14) to base 10.
-5797
What is a98 (base 16) in base 8?
5230
20200 (base 4) to base 11
455
Convert -96 (base 11) to base 5.
-410
-10200202 (base 3) to base 15
-be8
Convert -164 (base 12) to base 2.
-11011100
Convert 4143 (base 5) to base 11.
459
Convert -10344 (base 7) to base 12.
-15b0
Convert -15373 (base 8) to base 3.
-100110211
What is -42128 (base 10) in base 9?
-63708
What is 39e (base 16) in base 15?
41b
-134024 (base 5) to base 16
-158a
-11666 (base 13) to base 11
-21a30
Convert 2011100 (base 3) to base 8.
3047
What is 12826 (base 10) in base 7?
52252
-424512 (base 6) to base 8
-103674
What is -96a (base 14) in base 10?
-1858
-14536 (base 7) to base 16
-fcd
Convert -436 (base 11) to base 15.
-24d
-2e (base 16) to base 7
-64
Convert -104322 (base 6) to base 16.
-223a
7470 (base 9) to base 2
1010101110010
What is -1022000 (base 3) in base 16?
-3b1
Convert -1010102111 (base 3) to base 7.
-121444
1a746 (base 13) to base 5
3124042
What is -202020010 (base 3) in base 16?
-3999
Convert 3946 (base 12) to base 6.
50130
Convert -4006 (base 15) to base 9.
-20466
What is -7173 (base 8) in base 9?
-5068
What is 1204 (base 7) in base 14?
23b
What is 1113021 (base 5) in base 4?
10310301
1276 (base 10) to base 14
672
143c (base 16) to base 15
1805
Conv